{"id":104,"date":"2024-09-17T15:30:26","date_gmt":"2024-09-17T15:30:26","guid":{"rendered":"https:\/\/www.labu.polimi.it\/?page_id=104"},"modified":"2026-03-05T14:56:49","modified_gmt":"2026-03-05T14:56:49","slug":"join-us-for-the-milano-green-week","status":"publish","type":"page","link":"https:\/\/www.labu.polimi.it\/?page_id=104","title":{"rendered":"Invito &#8211; Convivere con la biodiversit\u00e0 in un giardino multispecie &#8211; 10 Marzo 2026"},"content":{"rendered":"\n<h3 class=\"wp-block-heading\">h17:00 -Auditorium Stefano Cerri <\/h3>\n\n\n\n<p><em>A partire dal 2024, il Politecnico di Milano, in collaborazione con il Municipio 3 e nell\u2019ambito delle attivit\u00e0 di ricerca del National Biodiversity Future Center (NBFC), ha avviato un living lab urbano che ha condotto alla co-progettazione del Giardino Sorelle Mirabal come giardino multispecie, coinvolgendo cittadini ed esperti. Parallelamente, \u00e8 stata svolta un\u2019intensa attivit\u00e0 di monitoraggio ambientale ed ecologico, attraverso l\u2019installazione di diversi sensori, nonch\u00e9 un monitoraggio sociale mediante la somministrazione di un questionario. L\u2019incontro presenta alla cittadinanza i risultati del percorso di co-progettazione e delle attivit\u00e0 di monitoraggio, ed esplora alcune traiettorie e sfide future per il Giardino.<\/em><br><\/p>\n\n\n\n<figure class=\"wp-block-image size-large\"><img loading=\"lazy\" decoding=\"async\" width=\"724\" height=\"1024\" src=\"https:\/\/www.labu.polimi.it\/wp-content\/uploads\/2026\/03\/A3_Convivere-con-la-biodiversita_100326-724x1024.jpg\" alt=\"\" class=\"wp-image-165\" srcset=\"https:\/\/www.labu.polimi.it\/wp-content\/uploads\/2026\/03\/A3_Convivere-con-la-biodiversita_100326-724x1024.jpg 724w, https:\/\/www.labu.polimi.it\/wp-content\/uploads\/2026\/03\/A3_Convivere-con-la-biodiversita_100326-212x300.jpg 212w, https:\/\/www.labu.polimi.it\/wp-content\/uploads\/2026\/03\/A3_Convivere-con-la-biodiversita_100326-768x1086.jpg 768w, https:\/\/www.labu.polimi.it\/wp-content\/uploads\/2026\/03\/A3_Convivere-con-la-biodiversita_100326-1086x1536.jpg 1086w, https:\/\/www.labu.polimi.it\/wp-content\/uploads\/2026\/03\/A3_Convivere-con-la-biodiversita_100326-1448x2048.jpg 1448w, https:\/\/www.labu.polimi.it\/wp-content\/uploads\/2026\/03\/A3_Convivere-con-la-biodiversita_100326-scaled.jpg 1810w\" sizes=\"auto, (max-width: 724px) 100vw, 724px\" \/><\/figure>\n\n\n\n<p>Per informazioni, rivolgetevi via email a <a href=\"mailto:labu-dastu@polimi.it\">labu-dastu(@)polimi.it<\/a>. Vi aspettiamo!<\/p>\n\n\n\n<hr class=\"wp-block-separator has-alpha-channel-opacity\"\/>\n\n\n\n<h1 class=\"wp-block-heading\">Taglio del nastro al Giardino Mirabal 7 maggio 2025<\/h1>\n\n\n\n<p>Care cittadine, cari cittadini,<\/p>\n\n\n\n<p>Nell\u2019ambito delle attivit\u00e0 di ricerca del National Biodiversity Future Center (NBFC), il Politecnico di Milano nel 2024, in collaborazione con il Municipio 3, ha coinvolto un gruppo di cittadini ed esperti in un living lab urbano che ha portato alla co-progettazione del giardino Sorelle Mirabal di via San Faustino come luogo dedicato alla tutela, ripristino e valorizzazione della biodiversit\u00e0 urbana.&nbsp;<\/p>\n\n\n\n<p>All\u2019interno sono stati installati alcuni sensori attraverso i quali i ricercatori del Centro conducono attivit\u00e0 di monitoraggio di alcuni parametri ambientali ed ecologici che porteranno a conoscere meglio la biodiversit\u00e0 presente nella nostra citt\u00e0.&nbsp;<\/p>\n\n\n\n<p>Dopo un&#8217;intensa attivit\u00e0 di confronto con gli attori sociali, il Giardino \u00e8 finalmente pronto per essere restituito al quartiere e alla citt\u00e0.&nbsp;<\/p>\n\n\n\n<p>Abbiamo quindi il piacere di invitarvi all&#8217;inaugurazione del Giardino Sorelle Mirabal in programma <strong>gioved\u00ec 7 maggio 2025 alle ore 16.30<\/strong>. In occasione dell\u2019inaugurazione, dopo i saluti istituzionali, i ricercatori di NBFC presenteranno le attivit\u00e0 di ricerca condotte e guideranno gli ospiti in un tour del giardino e della sua biodiversit\u00e0.&nbsp;<\/p>\n\n\n\n<p>Per informazioni, rivolgetevi via email a <a href=\"mailto:labu-dastu@polimi.it\">labu-dastu(@)polimi.it<\/a>. Vi aspettiamo!<\/p>\n\n\n\n<figure class=\"wp-block-image size-large\"><img loading=\"lazy\" decoding=\"async\" width=\"1024\" height=\"724\" src=\"http:\/\/www.labu.polimi.it\/wp-content\/uploads\/2025\/05\/Flyer_invito-1024x724.jpg\" alt=\"\" class=\"wp-image-150\" srcset=\"https:\/\/www.labu.polimi.it\/wp-content\/uploads\/2025\/05\/Flyer_invito-1024x724.jpg 1024w, https:\/\/www.labu.polimi.it\/wp-content\/uploads\/2025\/05\/Flyer_invito-300x212.jpg 300w, https:\/\/www.labu.polimi.it\/wp-content\/uploads\/2025\/05\/Flyer_invito-768x543.jpg 768w, https:\/\/www.labu.polimi.it\/wp-content\/uploads\/2025\/05\/Flyer_invito-1536x1086.jpg 1536w, https:\/\/www.labu.polimi.it\/wp-content\/uploads\/2025\/05\/Flyer_invito-2048x1448.jpg 2048w\" sizes=\"auto, (max-width: 1024px) 100vw, 1024px\" \/><\/figure>\n\n\n\n<hr class=\"wp-block-separator has-alpha-channel-opacity\"\/>\n\n\n\n<p><strong>Unisciti a noi per la Milano GREEN WEEK 2024!<\/strong><\/p>\n\n\n\n<p class=\"has-text-align-left\">Sabato 28 settembre 2024, ore 14:00 &#8211; 16:00<\/p>\n\n\n\n<p class=\"has-text-align-left\">Cascina Biblioteca, via Casoria 50, Milano<\/p>\n\n\n\n<p class=\"has-text-align-left\">&nbsp;Nell\u2019ambito della <a href=\"https:\/\/milanogreenweek.eu\/\" data-type=\"link\" data-id=\"https:\/\/milanogreenweek.eu\/\">Milano Green Week<\/a>, il Politecnico di Milano organizza in collaborazione con il Municipio 3 un <strong>convegno\/laboratorio<\/strong> sulla biodiversit\u00e0 urbana, per restituire e approfondire il percorso di co-creazione in corso per realizzare un giardino multispecie presso il Giardino Mirabal \u2013 via San Faustino (quartiere Ortica). <\/p>\n\n\n\n<p>Nell&#8217;ambito del laboratorio, \u00e8 prevista una <strong>tavola rotonda<\/strong> dal titolo &#8220;Sfide nell&#8217;integrazione della biodiversit\u00e0 negli spazi pubblici urbani: accettazione sociale e coesistenza con la natura&#8221;. La tavola rotonda ha l&#8217;obiettivo di esplorare le sfide connesse all&#8217;integrazione della biodiversit\u00e0 nelle citt\u00e0, esaminando i fattori sociali, estetici e politici e mettendo in evidenza possibili traiettorie per promuovere ambienti urbani vivibili e ricchi dal punto di vista ecologico.&nbsp;<\/p>\n\n\n\n<p>Per informazioni, scrivi una e-mail a <a href=\"mailto:labu-dastu@polimi.it\">labu-dastu@polimi.it<\/a><\/p>\n\n\n\n<hr class=\"wp-block-separator has-text-color has-base-color has-alpha-channel-opacity has-base-background-color has-background is-style-wide\"\/>\n\n\n\n<figure class=\"wp-block-image size-large\"><img loading=\"lazy\" decoding=\"async\" width=\"724\" height=\"1024\" src=\"https:\/\/www.labu.polimi.it\/wp-content\/uploads\/2024\/09\/Cascine-Aperte_28-settembre-724x1024.jpg\" alt=\"\" class=\"wp-image-107\" srcset=\"https:\/\/www.labu.polimi.it\/wp-content\/uploads\/2024\/09\/Cascine-Aperte_28-settembre-724x1024.jpg 724w, https:\/\/www.labu.polimi.it\/wp-content\/uploads\/2024\/09\/Cascine-Aperte_28-settembre-212x300.jpg 212w, https:\/\/www.labu.polimi.it\/wp-content\/uploads\/2024\/09\/Cascine-Aperte_28-settembre-768x1086.jpg 768w, https:\/\/www.labu.polimi.it\/wp-content\/uploads\/2024\/09\/Cascine-Aperte_28-settembre-1086x1536.jpg 1086w, https:\/\/www.labu.polimi.it\/wp-content\/uploads\/2024\/09\/Cascine-Aperte_28-settembre-1448x2048.jpg 1448w, https:\/\/www.labu.polimi.it\/wp-content\/uploads\/2024\/09\/Cascine-Aperte_28-settembre-scaled.jpg 1810w\" sizes=\"auto, (max-width: 724px) 100vw, 724px\" \/><\/figure>\n\n\n\n<p><\/p>\n","protected":false},"excerpt":{"rendered":"<p>h17:00 -Auditorium Stefano Cerri A partire dal 2024, il Politecnico di Milano, in collaborazione con il Municipio 3 e nell\u2019ambito delle attivit\u00e0 di ricerca del National Biodiversity Future Center (NBFC), ha avviato un living lab urbano che ha condotto alla co-progettazione del Giardino Sorelle Mirabal come giardino multispecie, coinvolgendo cittadini ed esperti. Parallelamente, \u00e8 stata [&hellip;]<\/p>\n","protected":false},"author":4,"featured_media":0,"parent":0,"menu_order":0,"comment_status":"closed","ping_status":"closed","template":"","meta":{"footnotes":""},"class_list":["post-104","page","type-page","status-publish","hentry"],"_links":{"self":[{"href":"https:\/\/www.labu.polimi.it\/index.php?rest_route=\/wp\/v2\/pages\/104","targetHints":{"allow":["GET"]}}],"collection":[{"href":"https:\/\/www.labu.polimi.it\/index.php?rest_route=\/wp\/v2\/pages"}],"about":[{"href":"https:\/\/www.labu.polimi.it\/index.php?rest_route=\/wp\/v2\/types\/page"}],"author":[{"embeddable":true,"href":"https:\/\/www.labu.polimi.it\/index.php?rest_route=\/wp\/v2\/users\/4"}],"replies":[{"embeddable":true,"href":"https:\/\/www.labu.polimi.it\/index.php?rest_route=%2Fwp%2Fv2%2Fcomments&post=104"}],"version-history":[{"count":16,"href":"https:\/\/www.labu.polimi.it\/index.php?rest_route=\/wp\/v2\/pages\/104\/revisions"}],"predecessor-version":[{"id":170,"href":"https:\/\/www.labu.polimi.it\/index.php?rest_route=\/wp\/v2\/pages\/104\/revisions\/170"}],"wp:attachment":[{"href":"https:\/\/www.labu.polimi.it\/index.php?rest_route=%2Fwp%2Fv2%2Fmedia&parent=104"}],"curies":[{"name":"wp","href":"https:\/\/api.w.org\/{rel}","templated":true}]}}

Invito &#8211; Convivere con la biodiversità in un giardino multispecie &#8211; 10 Marzo 2026

<h3 class="wp-block-heading">h17:00 -Auditorium Stefano Cerri </h3>



<p><em>A partire dal 2024, il Politecnico di Milano, in collaborazione con il Municipio 3 e nell’ambito delle attività di ricerca del National Biodiversity Future Center (NBFC), ha avviato un living lab urbano che ha condotto alla co-progettazione del Giardino Sorelle Mirabal come giardino multispecie, coinvolgendo cittadini ed esperti. Parallelamente, è stata svolta un’intensa attività di monitoraggio ambientale ed ecologico, attraverso l’installazione di diversi sensori, nonché un monitoraggio sociale mediante la somministrazione di un questionario. L’incontro presenta alla cittadinanza i risultati del percorso di co-progettazione e delle attività di monitoraggio, ed esplora alcune traiettorie e sfide future per il Giardino.</em><br></p>



<figure class="wp-block-image size-large"><img loading="lazy" decoding="async" width="724" height="1024" src="https://www.labu.polimi.it/wp-content/uploads/2026/03/A3_Convivere-con-la-biodiversita_100326-724x1024.jpg" alt="" class="wp-image-165" srcset="https://www.labu.polimi.it/wp-content/uploads/2026/03/A3_Convivere-con-la-biodiversita_100326-724x1024.jpg 724w, https://www.labu.polimi.it/wp-content/uploads/2026/03/A3_Convivere-con-la-biodiversita_100326-212x300.jpg 212w, https://www.labu.polimi.it/wp-content/uploads/2026/03/A3_Convivere-con-la-biodiversita_100326-768x1086.jpg 768w, https://www.labu.polimi.it/wp-content/uploads/2026/03/A3_Convivere-con-la-biodiversita_100326-1086x1536.jpg 1086w, https://www.labu.polimi.it/wp-content/uploads/2026/03/A3_Convivere-con-la-biodiversita_100326-1448x2048.jpg 1448w, https://www.labu.polimi.it/wp-content/uploads/2026/03/A3_Convivere-con-la-biodiversita_100326-scaled.jpg 1810w" sizes="auto, (max-width: 724px) 100vw, 724px" /></figure>



<p>Per informazioni, rivolgetevi via email a <a href="mailto:labu-dastu@polimi.it">labu-dastu(@)polimi.it</a>. Vi aspettiamo!</p>



<hr class="wp-block-separator has-alpha-channel-opacity"/>



<h1 class="wp-block-heading">Taglio del nastro al Giardino Mirabal 7 maggio 2025</h1>



<p>Care cittadine, cari cittadini,</p>



<p>Nell’ambito delle attività di ricerca del National Biodiversity Future Center (NBFC), il Politecnico di Milano nel 2024, in collaborazione con il Municipio 3, ha coinvolto un gruppo di cittadini ed esperti in un living lab urbano che ha portato alla co-progettazione del giardino Sorelle Mirabal di via San Faustino come luogo dedicato alla tutela, ripristino e valorizzazione della biodiversità urbana.&nbsp;</p>



<p>All’interno sono stati installati alcuni sensori attraverso i quali i ricercatori del Centro conducono attività di monitoraggio di alcuni parametri ambientali ed ecologici che porteranno a conoscere meglio la biodiversità presente nella nostra città.&nbsp;</p>



<p>Dopo un&#8217;intensa attività di confronto con gli attori sociali, il Giardino è finalmente pronto per essere restituito al quartiere e alla città.&nbsp;</p>



<p>Abbiamo quindi il piacere di invitarvi all&#8217;inaugurazione del Giardino Sorelle Mirabal in programma <strong>giovedì 7 maggio 2025 alle ore 16.30</strong>. In occasione dell’inaugurazione, dopo i saluti istituzionali, i ricercatori di NBFC presenteranno le attività di ricerca condotte e guideranno gli ospiti in un tour del giardino e della sua biodiversità.&nbsp;</p>



<p>Per informazioni, rivolgetevi via email a <a href="mailto:labu-dastu@polimi.it">labu-dastu(@)polimi.it</a>. Vi aspettiamo!</p>



<figure class="wp-block-image size-large"><img loading="lazy" decoding="async" width="1024" height="724" src="http://www.labu.polimi.it/wp-content/uploads/2025/05/Flyer_invito-1024x724.jpg" alt="" class="wp-image-150" srcset="https://www.labu.polimi.it/wp-content/uploads/2025/05/Flyer_invito-1024x724.jpg 1024w, https://www.labu.polimi.it/wp-content/uploads/2025/05/Flyer_invito-300x212.jpg 300w, https://www.labu.polimi.it/wp-content/uploads/2025/05/Flyer_invito-768x543.jpg 768w, https://www.labu.polimi.it/wp-content/uploads/2025/05/Flyer_invito-1536x1086.jpg 1536w, https://www.labu.polimi.it/wp-content/uploads/2025/05/Flyer_invito-2048x1448.jpg 2048w" sizes="auto, (max-width: 1024px) 100vw, 1024px" /></figure>



<hr class="wp-block-separator has-alpha-channel-opacity"/>



<p><strong>Unisciti a noi per la Milano GREEN WEEK 2024!</strong></p>



<p class="has-text-align-left">Sabato 28 settembre 2024, ore 14:00 &#8211; 16:00</p>



<p class="has-text-align-left">Cascina Biblioteca, via Casoria 50, Milano</p>



<p class="has-text-align-left">&nbsp;Nell’ambito della <a href="https://milanogreenweek.eu/" data-type="link" data-id="https://milanogreenweek.eu/">Milano Green Week</a>, il Politecnico di Milano organizza in collaborazione con il Municipio 3 un <strong>convegno/laboratorio</strong> sulla biodiversità urbana, per restituire e approfondire il percorso di co-creazione in corso per realizzare un giardino multispecie presso il Giardino Mirabal – via San Faustino (quartiere Ortica). </p>



<p>Nell&#8217;ambito del laboratorio, è prevista una <strong>tavola rotonda</strong> dal titolo &#8220;Sfide nell&#8217;integrazione della biodiversità negli spazi pubblici urbani: accettazione sociale e coesistenza con la natura&#8221;. La tavola rotonda ha l&#8217;obiettivo di esplorare le sfide connesse all&#8217;integrazione della biodiversità nelle città, esaminando i fattori sociali, estetici e politici e mettendo in evidenza possibili traiettorie per promuovere ambienti urbani vivibili e ricchi dal punto di vista ecologico.&nbsp;</p>



<p>Per informazioni, scrivi una e-mail a <a href="mailto:labu-dastu@polimi.it">labu-dastu@polimi.it</a></p>



<hr class="wp-block-separator has-text-color has-base-color has-alpha-channel-opacity has-base-background-color has-background is-style-wide"/>



<figure class="wp-block-image size-large"><img loading="lazy" decoding="async" width="724" height="1024" src="https://www.labu.polimi.it/wp-content/uploads/2024/09/Cascine-Aperte_28-settembre-724x1024.jpg" alt="" class="wp-image-107" srcset="https://www.labu.polimi.it/wp-content/uploads/2024/09/Cascine-Aperte_28-settembre-724x1024.jpg 724w, https://www.labu.polimi.it/wp-content/uploads/2024/09/Cascine-Aperte_28-settembre-212x300.jpg 212w, https://www.labu.polimi.it/wp-content/uploads/2024/09/Cascine-Aperte_28-settembre-768x1086.jpg 768w, https://www.labu.polimi.it/wp-content/uploads/2024/09/Cascine-Aperte_28-settembre-1086x1536.jpg 1086w, https://www.labu.polimi.it/wp-content/uploads/2024/09/Cascine-Aperte_28-settembre-1448x2048.jpg 1448w, https://www.labu.polimi.it/wp-content/uploads/2024/09/Cascine-Aperte_28-settembre-scaled.jpg 1810w" sizes="auto, (max-width: 724px) 100vw, 724px" /></figure>



<p></p>

<p>h17:00 -Auditorium Stefano Cerri A partire dal 2024, il Politecnico di Milano, in collaborazione con il Municipio 3 e nell’ambito delle attività di ricerca del National Biodiversity Future Center (NBFC), ha avviato un living lab urbano che ha condotto alla co-progettazione del Giardino Sorelle Mirabal come giardino multispecie, coinvolgendo cittadini ed esperti. Parallelamente, è stata [&hellip;]</p>
